f 8582.
2, 7, 613
What are the prime factors of 2689?
2689
List the prime factors of 3114.
2, 3, 173
List the prime factors of 3616.
2, 113
What are the prime factors of 80327?
13, 37, 167
What are the prime factors of 910?
2, 5, 7, 13
What are the prime factors of 14993?
11, 29, 47
List the prime factors of 21182.
2, 7, 17, 89
What are the prime factors of 1573?
11, 13
What are the prime factors of 2106?
2, 3, 13
List the prime factors of 143.
11, 13
What are the prime factors of 1382?
2, 691
What are the prime factors of 23354?
2, 11677
What are the prime factors of 1288?
2, 7, 23
What are the prime factors of 18160?
2, 5, 227
What are the prime factors of 880?
2, 5, 11
What are the prime factors of 4824?
2, 3, 67
List the prime factors of 561.
3, 11, 17
List the prime factors of 3771.
3, 419
What are the prime factors of 582?
2, 3, 97
List the prime factors of 244.
2, 61
List the prime factors of 1901.
1901
List the prime factors of 21083.
29, 727
What are the prime factors of 38633?
7, 5519
What are the prime factors of 11102?
2, 7, 13, 61
List the prime factors of 108232.
2, 83, 163
What are the prime factors of 28147?
7, 4021
What are the prime factors of 17382?
2, 3, 2897
List the prime factors of 1486.
2, 743
What are the prime factors of 1649?
17, 97
What are the prime factors of 75589?
269, 281
What are the prime factors of 6552?
2, 3, 7, 13
What are the prime factors of 7544?
2, 23, 41
What are the prime factors of 90144?
2, 3, 313
List the prime factors of 3438.
2, 3, 191
What are the prime factors of 21356?
2, 19, 281
List the prime factors of 11381.
19, 599
List the prime factors of 5589.
3, 23
List the prime factors of 867.
3, 17
List the prime factors of 154.
2, 7, 11
What are the prime factors of 1125?
3, 5
What are the prime factors of 13558?
2, 6779
What are the prime factors of 1081?
23, 47
What are the prime factors of 2097?
3, 233
List the prime factors of 817.
19, 43
What are the prime factors of 525?
3, 5, 7
List the prime factors of 1219.
23, 53
List the prime factors of 3159.
3, 13
List the prime factors of 169337.
7, 17, 1423
What are the prime factors of 4488?
2, 3, 11, 17
What are the prime factors of 628?
2, 157
What are the prime factors of 4690?
2, 5, 7, 67
What are the prime factors of 4519?
4519
What are the prime factors of 1501?
19, 79
List the prime factors of 773.
773
List the prime factors of 728.
2, 7, 13
What are the prime factors of 24237?
3, 2693
What are the prime factors of 1719?
3, 191
What are the prime factors of 1204?
2, 7, 43
List the prime factors of 13283.
37, 359
List the prime factors of 8761.
8761
What are the prime factors of 5956?
2, 1489
List the prime factors of 1986.
2, 3, 331
List the prime factors of 809.
809
List the prime factors of 5131.
7, 733
List the prime factors of 5813.
5813
List the prime factors of 581.
7, 83
List the prime factors of 76961.
76961
What are the prime factors of 85062?
2, 3, 14177
List the prime factors of 1637.
1637
What are the prime factors of 2021?
43, 47
What are the prime factors of 17306?
2, 17, 509
List the prime factors of 12513.
3, 43, 97
List the prime factors of 60819.
3, 11, 19, 97
List the prime factors of 2658.
2, 3, 443
What are the prime factors of 286?
2, 11, 13
List the prime factors of 9391.
9391
List the prime factors of 622.
2, 311
What are the prime factors of 74723?
11, 6793
What are the prime factors of 21395?
5, 11, 389
What are the prime factors of 45784?
2, 59, 97
What are the prime factors of 7748?
2, 13, 149
List the prime factors of 2811.
3, 937
What are the prime factors of 16316?
2, 4079
What are the prime factors of 9371?
9371
What are the prime factors of 5496?
2, 3, 229
What are the prime factors of 6713?
7, 137
What are the prime factors of 4190?
2, 5, 419
What are the prime factors of 79404?
2, 3, 13, 509
List the prime factors of 14250.
2, 3, 5, 19
What are the prime factors of 29281?
7, 47, 89
What are the prime factors of 3015?
3, 5, 67
What are the prime factors of 726?
2, 3, 11
What are the prime factors of 18875?
5, 151
What are the prime factors of 47335?
5, 9467
What are the prime factors of 1260?
2, 3, 5, 7
What are the prime factors of 4949?
7, 101
List the prime factors of 160.
2, 5
What are the prime factors of 663?
3, 13, 17
What are the prime factors of 1969?
11, 179
List the prime factors of 1572.
2, 3, 131
List the prime factors of 121494.
2, 3, 20249
What are the prime factors of 6822?
2, 3, 379
What are the prime factors of 33754?
2, 7, 2411
What are the prime factors of 3255?
3, 5, 7, 31
List the prime factors of 1030.
2, 5, 103
List the prime factors of 764.
2, 191
List the prime factors of 2706.
2, 3, 11, 41
List the prime factors of 33614.
2, 7
List the prime factors of 5452.
2, 29, 47
List the prime factors of 468.
2, 3, 13
List the prime factors of 195748.
2, 7, 6991
What are the prime factors of 5958?
2, 3, 331
What are the prime factors of 6612?
2, 3, 19, 29
What are the prime factors of 90520?
2, 5, 31, 73
What are the prime factors of 2517?
3, 839
What are the prime factors of 16013?
67, 239
What are the prime factors of 30794?
2, 89, 173
List the prime factors of 87.
3, 29
List the prime factors of 99258.
2, 3, 71, 233
What are the prime factors of 33694?
2, 17, 991
List the prime factors of 112697.
13, 8669
What are the prime factors of 1091?
1091
What are the prime factors of 9680?
2, 5, 11
What are the prime factors of 767?
13, 59
What are the prime factors of 2801?
2801
List the prime factors of 2941.
17, 173
List the prime factors of 35766.
2, 3, 1987
List the prime factors of 1941.
3, 647
List the prime factors of 10226.
2, 5113
List the prime factors of 49406.
2, 7, 3529
What are the prime factors of 1437?
3, 479
What are the prime factors of 8247?
3, 2749
List the prime factors of 71526.
2, 3, 7, 13, 131
List the prime factors of 5066.
2, 17, 149
List the prime factors of 2020.
2, 5, 101
List the prime factors of 22877.
22877
List the prime factors of 305.
5, 61
List the prime factors of 14913.
3, 1657
What are the prime factors of 10242?
2, 3, 569
What are the prime factors of 896?
2, 7
List the prime factors of 2302.
2, 1151
What are the prime factors of 3914?
2, 19, 103
List the prime factors of 810.
2, 3, 5
What are the prime factors of 994?
2, 7, 71
List the prime factors of 53.
53
What are the prime factors of 6953?
17, 409
What are the prime factors of 355?
5, 71
What are the prime factors of 20990?
2, 5, 2099
List the prime factors of 20369.
20369
What are the prime factors of 1190?
2, 5, 7, 17
What are the prime factors of 13764?
2, 3, 31, 37
List the prime factors of 2738.
2, 37
What are the prime factors of 23307?
3, 17, 457
What are the prime factors of 3370?
2, 5, 337
What are the prime factors of 3896?
2, 487
List the prime factors of 1196.
2, 13, 23
List the prime factors of 1940.
2, 5, 97
List the prime factors of 1815.
3, 5, 11
What are the prime factors of 59324?
2, 14831
List the prime factors of 82.
2, 41
List the prime factors of 11430.
2, 3, 5, 127
What are the prime factors of 52612?
2, 7, 1879
What are the prime factors of 23031?
3, 853
What are the prime factors of 108382?
2, 47, 1153
What are the prime factors of 2876?
2, 719
What are the prime factors of 598?
2, 13, 23
List the prime factors of 773.
773
What are the prime factors of 2112?
2, 3, 11
What are the prime factors of 371?
7, 53
What are the prime factors of 4615?
5, 13, 71
List the prime factors of 1411.
17, 83
What are the prime factors of 541?
541
What are the prime factors of 946?
2, 11, 43
List the prime factors of 58525.
5, 2341
List the prime factors of 253.
11, 23
What are the prime factors of 14862?
2, 3, 2477
What are the prime factors of 3412?
2, 853
List the prime factors of 3851.
3851
List the prime factors of 49407.
3, 43, 383
List the prime factors of 3228.
2, 3, 269
What are the prime factors of 138?
2, 3, 23
What are the prime factors of 19668?
2, 3, 11, 149
List the prime factors of 5693.
5693
What are the prime factors of 1778?
2, 7, 127
List the prime factors of 8822.
2, 11, 401
What are the prime factors of 6792?
2, 3, 283
List the prime factors of 710.
2, 5, 71
What are the prime factors of 1011?
3, 337
What are the prime factors of 2724?
2, 3, 227
List the prime factors 